. What is the tens digit of v?
5
Suppose -2*y + 3*w - 4 = 0, 2*y + 6 = -2*y + 5*w. Let r be 7/(y*(-5)/(-5)). Let c(b) = b**3 - 5*b**2 - 4*b - 10. What is the tens digit of c(r)?
6
Let t(f) = f**2 + 2*f - 2. Let q(k) = k**3 + 6*k**2 + 7*k + 7. Let j be q(-5). Let r be t(j). What is the units digit of (12 + r)/(-5 + 6)?
3
What is the tens digit of (7/3 + -3)*(-1 + -3098)?
6
Suppose 0 = 4*t + 31*t - 62230. What is the tens digit of t?
7
Suppose -i - 1450 = -3*a - 258, 2*a + 4*i - 776 = 0. Let h = a - 212. What is the units digit of h?
4
Let f(v) = 2*v**3 - 23*v**2 - 13*v - 25. What is the hundreds digit of f(14)?
7
Let o(k) be the second derivative of 4*k**3/3 - 3*k**2/2 - 3*k. Let t = -17 + 24. What is the tens digit of o(t)?
5
Suppose 4*b = 5*t - 28, -4*t + 4 = -2*t + 2*b. Suppose 6 = -0*x + 2*x + 4*p, t*p = 5*x - 57. Let i = 18 - x. What is the units digit of i?
9
Let s(n) = -2*n**3 + 7*n**2 - 20*n - 51. What is the hundreds digit of s(-8)?
5
Let u be 2661/15 - 2/5. What is the units digit of u - (-3 + -2*2/4)?
1
Let i(g) = 6*g**2 - 18*g + 36. What is the hundreds digit of i(11)?
5
Suppose 10 = 5*l - 5. Let q be 4 - 2*3/l. Suppose -q*c + 48 = -c. What is the tens digit of c?
4
Suppose 4*x + 5*l + 18 + 140 = 0, -l = 4*x + 166. Let k = 131 + x. Let v = k + -53. What is the tens digit of v?
3
What is the tens digit of -761*1/4*(-12 - -8)?
6
Let l(j) = j**2 + 9*j + 16. Let c be 1*(1 - (11 - 2)). Let f be l(c). Suppose -f*k = -6*k - 70. What is the tens digit of k?
3
What is the hundreds digit of 11887/4 - (-8)/32?
9
Let l(g) = -6*g + 69. What is the units digit of l(-5)?
9
Let t(k) = 4 - 8*k**2 + 2*k**3 - k**3 + 10*k**2 - 25*k - 8. What is the tens digit of t(6)?
3
What is the hundreds digit of ((-766)/(-4))/((-30)/(-20) + -1)?
3
Suppose -5*u = -4*f - 3670 - 1216, -4*u = -3*f - 3909. Let n be (6/12)/(3/u). Let r = n + -113. What is the tens digit of r?
5
Suppose -4*b - 2614 = -c - 6*b, -3*b - 7887 = -3*c. What is the tens digit of c?
2
Let a(g) = 53*g**3 + g**2. Let y be a(2). Suppose 3*n - 3*z + 20 = -16, 5*z = n. What is the units digit of y/20 - (-6)/n?
1
Suppose v + v - 16 = 0. Suppose 0 = f - v. Let s = f - -43. What is the tens digit of s?
5
Let w(n) = -n**3 + 46*n**2 - 17*n - 39. What is the tens digit of w(44)?
8
Let r be 2/5 - (3140/(-25) + 2). Let k = r + -15. What is the hundreds digit of k?
1
Let p(z) = 26*z**2 + 43*z + 8. What is the hundreds digit of p(-12)?
2
Let o(v) = v**3 - 16*v**2 - v + 14. Let k be 174/11 + (-12)/(-66). Let d be o(k). What is the units digit of (4/(-10))/(d/180)?
6
Let t = -30 + 36. Suppose 0 = -t*a - 3*a + 648. What is the units digit of a?
2
Let l(o) = 4*o**2 + 5*o - 20. What is the tens digit of l(-20)?
8
Suppose 87 - 7 = 4*u. Suppose -15*z - 435 = -u*z. Let t = -48 + z. What is the units digit of t?
9
Let m be 1 - (3 + 3)/(-2). Let f = 1 + 4. Suppose 3*c + 2*k - 70 = 0, -196 = -f*c + m*k - 72. What is the tens digit of c?
2
Suppose -2*z + 5*l = -3*z - 394, 2*z + 3*l + 760 = 0. Let x = -217 - z. What is the tens digit of x?
5
Let h = 1010 + 561. What is the units digit of h?
1
Suppose 0*t + 21 = t. Suppose 5*d - 281 + t = 0. What is the tens digit of d?
5
Let y(h) be the third derivative of h**5/30 + 7*h**4/24 + h**3/3 + 16*h**2. What is the units digit of y(-4)?
6
Let q(w) = -3*w - 1. Let p be q(0). Let g(i) = -112*i + 2. What is the units digit of g(p)?
4
Suppose 0 = 6*x + 14 - 2. Let m be -4*(-1)/x - -4. What is the units digit of m/3 - 742/(-21)?
6
Let d = 88 - 86. Suppose d*g - 286 = -86. What is the tens digit of g?
0
Let b(s) = 1 + s - 2*s - 3*s. Let t be (0 - 1/(-2))*(-17 - 3). What is the units digit of b(t)?
1
Suppose -2*l = -c + 4, -2*c + l + 3 - 4 = 0. What is the tens digit of 8/(-2)*1*37/c?
7
Let t = -4 - -8. Suppose 35 = -y - t*y. Let b(z) = -2*z + 8. What is the units digit of b(y)?
2
Suppose 12 = -2*h + 5*q - 3, -q = 5*h - 30. Suppose 0*a + 73 = 4*f - a, -5*f + h*a + 110 = 0. What is the units digit of f?
7
What is the tens digit of ((-54)/9)/(-4*1/22)?
3
Let x(j) = -7*j**2 - 30*j + 40. Let n(s) = 11*s**2 + 45*s - 60. Let o(d) = 5*n(d) + 8*x(d). What is the tens digit of o(-15)?
2
Let v be 3/(-6)*(3 + -3). Let r be 4*(49/4 - -1). Suppose 4*o = 4*g - 2*g - 42, 5*g + 3*o - r = v. What is the tens digit of g?
1
Suppose 3*b - 63 = 4*q, -3*b - 2*q + 13 + 32 = 0. Let k = 25 - b. Let d = 36 - k. What is the tens digit of d?
2
Let k be (6/4)/(12/(-2864)) - 1. Let u = -48 - k. What is the units digit of u?
1
Let h(x) = x**3 - 7*x**2 + 12*x - 9. Let v(u) = -u**3 + 11*u**2 + 26*u + 6. Let q be v(13). What is the tens digit of h(q)?
2
Let a(k) = -6*k**2 - 3. Let v be a(4). Let o be (-6)/8 + v/(-4). Suppose 2*b + 2*g - o = -0*b, -6 = 2*b - 4*g. What is the units digit of b?
7
Let v = -1514 - -359. Let q be (2/6)/((-5)/v). Suppose 5*b = 4*j - q, -3*b - 2 = j - 0. What is the tens digit of j?
1
Let t = -12 + 20. Let g(v) = -8 + 6*v - 6*v - t*v. What is the tens digit of g(-6)?
4
Suppose 4*q - 63 = -23. Let r = q + 44. What is the units digit of 1*-3 + r + 1?
2
Let p(a) = -15*a - 8. What is the units digit of p(-11)?
7
Let i = -25 - -20. Let q(x) = 2*x**2 - 3*x + 11. What is the tens digit of q(i)?
7
Suppose 5*j + 23 = -d, 0 = -5*d - 0*d + 3*j + 25. Let b be d/9 + 3938/99. Suppose -4*a = a - b. What is the units digit of a?
8
Let l be 6/(-4)*(-19 - -17). Suppose -9 + 21 = l*d. Suppose -d*c - 20 = 0, 5*b + c - 2*c = 130. What is the tens digit of b?
2
Suppose -3*u = 4*p + 263, -5*u - 70 - 415 = -5*p. Let z = u - -109. What is the units digit of z?
6
Let s = 26 - -7. Let x = 36 - s. What is the units digit of x?
3
Let l be (2/(-4))/(19/(-304)). What is the units digit of l/(-24) - (-212)/6?
5
Suppose 0 = -17*n + 2535 + 2242. What is the units digit of n?
1
Suppose 0 = -x - 4*x + 3*t + 797, -5*x + 805 = 5*t. What is the hundreds digit of x?
1
Let o = -20 + 40. Let k be o - (-2)/((-4)/(-2)). Suppose -33 = -2*y + k. What is the units digit of y?
7
What is the units digit of 15 + 684/(-48) - 10154/(-8)?
0
Suppose 0 = 2*z + 5*l - 149, 0 = -2*z - 3*z - 4*l + 415. Suppose 9*f = -13*f + 110. Suppose 3*s = 4*q - 129, z = 3*q + f*s - 4*s. What is the tens digit of q?
3
Let s = 18 + -26. Let g = s - -25. Suppose -68 = -4*i - 2*f, -i = 2*f - 4*f - g. What is the tens digit of i?
1
Let o(v) = v**2 + v. Let k(c) = -2*c**3 + 10*c**2 + 14*c + 4. Let r(g) = -k(g) + 6*o(g). What is the tens digit of r(5)?
0
Suppose -10 = -5*s, 47*o + s = 42*o + 1297. What is the tens digit of o?
5
What is the units digit of 24/10*(-800)/(-24)?
0
Let k be (324/24)/((-6)/(-8)). What is the tens digit of 45/(-6)*(-132)/k?
5
Let p(u) = 25*u - 3. Let j(m) = m**2 + 4*m + 5. Let b be j(-4). What is the tens digit of p(b)?
2
Let p(v) = v**2 - 3*v - 5. Let o be p(-2). Suppose -o = 2*h - 7*h, -5*j = -2*h - 653. What is the units digit of j?
1
Let z(c) = -c**3 + 21*c**2 + 35*c - 8. What is the hundreds digit of z(11)?
5
Let g(b) = -b**3 + 9*b**2 - 8*b + 3. Let r be g(8). Let d(v) = r*v + v + 15 - 10*v - 4. What is the tens digit of d(-6)?
4
Suppose -32*k - 55 = -37*k. Let v(h) = 7*h. What is the units digit of v(k)?
7
Let z(j) = 9*j**2 + 17*j - 129. What is the hundreds digit of z(8)?
5
Suppose 0 = 3*b + 4*p - 208, -4*b + 0*p + 286 = p. Let s = -3 + b. Let y = s + -17. What is the tens digit of y?
5
Let a = -591 + 383. Let f be (-4)/26 + (-32)/a. Suppose 0 = -s - f*s + 11. What is the tens digit of s?
1
Let m = 1 - -3. Suppose -22 + 290 = -m*d. Let x = d + 95. What is the tens digit of x?
2
Let j = 15 - 7. Suppose 5*r - 12 - j = 0. Suppose -r*x + 56 = 4*a, -x - 3*a + 17 = -5. What is the units digit of x?
0
Suppose 0 = 4*g + 4*n + 192, 4*g + 5*n + 290 = 98. What is the tens digit of (g/32)/(1*-3)*222?
1
Let y(n) = -n**3 + 3*n**2 + 4*n + 3. Let m be y(4). Let v be 70/8 - 3/(-12). Suppose 0 = 3*j - v, -a = -m*a - 2*j + 34. What is the units digit of a?
4
Let o(h) = -h**3 - 17*h**2 + 20*h - 7. What is the hundreds digit of o(-19)?
3
Suppose 0*w + w - 2*g - 7 = 0, 2*w - 10 = 2*g. Suppose -3 = w*u - 30. What is the tens digit of (-68)/(-3)*u/6?
3
Let t = 29 + -21. Let y(k) = 3*k**2 + 3*k. Let f be y(4). Suppose -3*s + s + 3*l + f = 0, 0 = 2*l + t. What is the tens digit of s?
2
Let v(o) = 2*o - 21. Suppose 0 = -4*h - 0*a - a + 21, 0 = -5*h + a + 24. Let 